*n - y = 643, 5*i - 3997 = -n. List the prime factors of i.
2, 5
Let a(v) = 2*v**2 - 28*v + 6. Let y be a(14). Let i be (-87)/(y/(-27) - (-2)/36). Suppose 0 = 9*l - 15*l + i. List the prime factors of l.
3, 29
Suppose -2*b = -4*s - 27872, 52*b + 27865 = 54*b - 5*s. List the prime factors of b.
2, 3, 5, 31
Let o be (-2)/(-18) + (-126615)/(-135). Suppose 12*p - 17110 = o. What are the prime factors of p?
2, 47
Let y = 377 - 377. Suppose -11*w + 3438 + 3943 = y. What are the prime factors of w?
11, 61
Suppose 4412 = 3*c - 5*i, 8*i = 5*i - 12. Let b = c + -680. List the prime factors of b.
2, 7
Let r = 27 - 25. Suppose r*n + 1814 = 4*n. Suppose 2*s - 358 = -4*d, s + 2*d + n = 6*s. List the prime factors of s.
181
Suppose -u + 9*d - 8*d + 6 = 0, 0 = 4*u - 2*d - 18. Suppose -21*w - 268 = -23*w - z, 5*w - u*z - 670 = 0. What are the prime factors of w?
2, 67
Let n(s) be the second derivative of 2/3*s**4 + 0 + 0*s**2 - 7/6*s**3 - 33*s. What are the prime factors of n(6)?
2, 3, 41
Suppose 7*r = 16*r - 45. Suppose -h + 5*h = 16, 4*h + 3174 = r*j. Suppose -815 = 2*w - 7*w + 5*l, 4*w + 3*l = j. What are the prime factors of w?
7, 23
Let v(n) = 21*n**2 - n + 1. Let b be v(2). Suppose 0*k + k + b = 0. Let h = 231 + k. List the prime factors of h.
2, 37
Suppose -19610 = -3172*f + 3162*f. List the prime factors of f.
37, 53
Let y be (-4)/(-24)*-3*0/1. Suppose y = 6*z - 5 - 19. Suppose z*k - 56 = 16. List the prime factors of k.
2, 3
Suppose -2*d + 5*i + 1368 = 8*i, 4*d - 3*i = 2754. Suppose -5*a = -8*a + d. What are the prime factors of a?
229
Let s(j) = 33*j - 20. Suppose -5*o + 65 = -5*g, 0 = 2*g - 5*g - 15. List the prime factors of s(o).
2, 61
Let a = 3932 + -2017. What are the prime factors of a?
5, 383
Let j(d) = -55*d**3 - d**2 - 73*d - 298. List the prime factors of j(-6).
2, 7, 107
Let h be 4*1 - (-1054)/(-17). Let a be (-7)/(-3) - h/87. Suppose -a*o = -5*s - 0*o + 165, -3*s = -2*o - 98. List the prime factors of s.
2, 3
Let p(b) = 502*b**3 + 2*b**2 - 2*b + 2. Let n = -84 + 85. What are the prime factors of p(n)?
2, 3, 7
Let m(a) = -2 - 1299*a**2 + 15*a + 1303*a**2 + 38. What are the prime factors of m(-12)?
2, 3
Suppose 5*p - 3*o - 22 = 0, -o = 5*p - 2*o - 14. Let b be 256*(p + -1) - (3 + -7). Suppose 190 = 5*s - b. List the prime factors of s.
2, 3, 5
Suppose -18*d + z = -22*d + 22, 5*z - 14 = 4*d. Let q = 2 + 1. Suppose -2*l - 408 = -q*y, 5*l + 539 = 4*y + d*l. What are the prime factors of y?
2, 67
Let b = 10 - 4. Let h be (-20)/(-15) + (-8)/b. Suppose 12*j - 5*j - 210 = h. List the prime factors of j.
2, 3, 5
Let p(f) = 2*f**3 + 6*f**2 + 14*f - 82. Let i be p(7). Let m = 1513 - i. List the prime factors of m.
11, 47
Let d be 1/2*-3*136/(-51). Suppose -c + 487 = 4*v, -c - d*v = 4*c - 2435. What are the prime factors of c?
487
Suppose 5*v - 5*d + 0*d - 1050 = 0, -2*d + 1022 = 5*v. Let z = 442 - v. List the prime factors of z.
2, 59
Let b(p) = 20*p**2 + 3*p + 6. Suppose 0 = 4*r - r - 15. Let t be b(r). Suppose 53 = -4*h + t. What are the prime factors of h?
3, 13
Suppose -4*v + 13980 + 2394 = -u, -20436 = -5*v - 4*u. List the prime factors of v.
2, 3, 11, 31
Suppose 11*w - 5*h - 4508 = 10*w, -3*w = -2*h - 13589. What are the prime factors of w?
3, 1511
What are the prime factors of (-5812 + 21)*(0 + -1)?
5791
Let g be 5*(-4)/(-60)*2418. Suppose -3*x = 2*y - 5*x - 548, 3*y - g = -x. List the prime factors of y.
2, 3, 5
Let o(p) = 72*p**3 + 2*p**2 - 3*p. Let b be o(2). Let j = b + -418. What are the prime factors of j?
2, 5
Let r = -73 - -109. Let o = r - -448. What are the prime factors of o?
2, 11
Let i be 30/(-2)*(-3 + 48/18). Suppose -2*l - y + 9 = 0, 3*y - y = l - 2. Suppose -2*t = i*r - l*r - 126, 2*r + 5*t = 257. List the prime factors of r.
2, 29
Let j = -15341 + 86280. What are the prime factors of j?
11, 6449
Let x(k) = 4149*k + 1011. List the prime factors of x(3).
2, 3, 2243
Suppose b + 5*i = 10295, -12690 = -2*b + 5*i + 7945. List the prime factors of b.
2, 5, 1031
Let p(w) = 15*w**2 + 17*w - 39. Let o be p(-15). Suppose o = 8*z + 249. List the prime factors of z.
2, 3, 59
Suppose 0 = -2*s + 3*s + 602. Suppose -5*x + 8*l + 15 = 3*l, -3*x - 2*l = -19. What are the prime factors of 3/5 - s/x?
11
Suppose 3*j - 4*z + 4 = 7*j, -3*j = -z - 19. List the prime factors of (0 - 1)/(-4*j/34660).
1733
Suppose 3*c - 2*a = 98869, -146*a + 145*a = 5*c - 164812. List the prime factors of c.
3, 10987
What are the prime factors of (-1649 + 5)*2364/(-72)?
2, 137, 197
Suppose -9*h = -11922 - 29460. What are the prime factors of h?
2, 11, 19
What are the prime factors of ((-109812)/(-20))/(1/(-65)*-13)?
3, 9151
Let j = 31801 + -13792. List the prime factors of j.
3, 23, 29
Let a = -34 - -37. Suppose -3*t - a = -30. List the prime factors of 6/(-9)*t/(-2).
3
Suppose 14*c = 160411 - 37323. Suppose -16*g - 2424 = -c. What are the prime factors of g?
2, 199
What are the prime factors of -11 - (-18)/1 - (-2375 - 4)?
2, 1193
Suppose 1088 = 9*w - 1333. Let y = 469 - w. What are the prime factors of y?
2, 5
Let u(t) = 10*t**2 - 50*t + 149. What are the prime factors of u(22)?
3889
Suppose -25*j = -26*j - 3*v + 16467, 2*j - 5*v - 32934 = 0. What are the prime factors of j?
3, 11, 499
Let h(b) = -b**3 - 4*b**2 - 26*b - 1. Let z = -64 + 56. What are the prime factors of h(z)?
463
Suppose -5*x - 84 = -r, 6*x = 2*x - r - 60. What are the prime factors of (-712)/x*(-1 + 5)?
2, 89
Suppose -r + 1 = -3. Suppose l = b + 247, -r*l + 1015 = 2*b + 3*b. What are the prime factors of l?
2, 5
Suppose 388994 = 178*t - 17024. What are the prime factors of t?
2281
Let n be 30*10/45 - (-4)/(-6). Suppose n*j + 0*j - 12 = 0. List the prime factors of ((-3)/j)/(4/(-168)).
3, 7
Suppose -26*t = -21*t - 3400. Let z = 192 + t. List the prime factors of z.
2, 109
Let x = -48 - -50. Let o(d) = -4*d**2 - 2*d**3 + 1 - d + x + 0*d + 7*d**3. What are the prime factors of o(3)?
3, 11
Suppose 2*a = 2*t - 12138, t - 4*a - 2670 = 3402. List the prime factors of t.
2, 37, 41
Suppose 3650 = 20*f - 3730. Let b = -426 + 254. Let z = b + f. What are the prime factors of z?
197
Let s = 2925 - 1915. Suppose 0 = 5*a - 245 - s. What are the prime factors of a?
251
Suppose g = 2*x - g - 6, -2*x + 5*g = 3. Let q be 6*x/(-9) + 0. List the prime factors of 186*q/(-22) + (-24)/(-132).
2, 17
List the prime factors of 3 + 4/1 + -23 + 6177.
61, 101
Let d = 802 + -798. Let i(v) = 88*v**2 - 56*v - 5. List the prime factors of i(d).
3, 131
Suppose 8*s = s + 42. Suppose -2959 = -s*t + 3401. What are the prime factors of t?
2, 5, 53
Let i(a) = 1 - 15*a**2 - 7 + 13*a**2 + 8*a. Let v be i(3). Suppose -r + v*r = -210. What are the prime factors of r?
2, 3, 5, 7
Let i = -2029 - -6967. What are the prime factors of i?
2, 3, 823
Let n = -4188 - -8581. What are the prime factors of n?
23, 191
Suppose -5*x = -8 + 38. Let y(k) = -k**3 - k**3 + 25*k**2 + 2 + 6*k - 35*k**2. What are the prime factors of y(x)?
2, 19
Suppose 0 = -5*m + 24*f - 22*f + 92809, -5*m - 2*f + 92821 = 0. List the prime factors of m.
19, 977
Let k(y) = 9*y**2 - y + 25. Suppose 0*v + 38*v = 190. What are the prime factors of k(v)?
5, 7
Suppose 977*o - 979*o + 87148 = 4*a, -5*o + 43542 = 2*a. What are the prime factors of a?
7, 11, 283
Let u = 1635 + -2475. Let g = -358 - u. List the prime factors of g.
2, 241
What are the prime factors of (2/2)/(-3 - (-20185)/6728)?
2, 29
Suppose 2*a - 128 = 1526. List the prime factors of -5 + 2 + 1 + a.
3, 5, 11
Suppose -5*a + 5*x = -9405, 10*a - 11*a - x + 1873 = 0. Suppose 0 = 2*t - 335 - a. List the prime factors of t.
2, 7, 79
Let x(p) = p**2 + 7*p + 2. Let m be x(-7). What are the prime factors of (6/(-10) + (-7613)/(-5))/m?
761
Suppose -4*s - 85444 = -4*h, -733*h + 4*s + 64081 = -730*h. What are the prime factors of h?
3, 7121
Suppose 22*i - 73640 - 39440 = 0. List the prime factors of i.
2, 5, 257
Let z = 97 + -92. Suppose z*j = -3*h + 37, 5*j - 5*h - 5 = -0*h. What are the prime factors of 1*55/j - 2/1?
3
Suppose 0 = -5*b + 3*z + 34, -b - z + 3 - 1 = 0. Suppose 0 = 3*v + b*v + 72. What are the prime factors of (21/v)/(-7)*165?
5, 11
Let q(v) = -2*v + 23*v + 7*v + 0*v + 281 - 316. Let m = 27 - 20. What are the prime factors of q(m)?
7, 23
Let f = -132 - -144. Suppose 0 = f*c - 6*c - 5280. List the prime factors of c